 + -109350?
-10934a
In base 13, what is -c + -2a30b?
-2a31a
In base 15, what is 34 + 3578?
35ac
In base 6, what is 0 + 22353253?
22353253
In base 5, what is -1114 + 30411?
24242
In base 16, what is 1e8 + 4?
1ec
In base 13, what is -b78 + -c2?
-c6a
In base 4, what is 131013 - -2202?
133221
In base 13, what is 1035 + -106?
c2c
In base 9, what is -30640 + 0?
-30640
In base 11, what is -9690 - -95?
-95a6
In base 11, what is 383 + 6?
389
In base 15, what is 4 + -4c5ce?
-4c5ca
In base 15, what is 41d + -1?
41c
In base 3, what is -211102101 + 10012?
-211022012
In base 2, what is 101100000000 + -11111?
101011100001
In base 14, what is 543 - 3b?
506
In base 4, what is 31102122 - -11?
31102133
In base 4, what is 0 + -231103?
-231103
In base 4, what is 0 - -1032031133?
1032031133
In base 5, what is 12 - -11312434?
11313001
In base 11, what is 6a - 411?
-352
In base 6, what is 2114 - 411?
1303
In base 15, what is -a7e3 - -3?
-a7e0
In base 7, what is -300 + -626?
-1226
In base 8, what is 2170 - 1524?
444
In base 13, what is 4 + -c669?
-c665
In base 10, what is 246 - 194?
52
In base 11, what is 1 - 2136?
-2135
In base 8, what is 4 + -120277?
-120273
In base 8, what is -126202 - 65?
-126267
In base 14, what is -2a7506 + 5?
-2a7501
In base 3, what is -2 + -22111220002?
-22111220011
In base 5, what is 2 + -211022430?
-211022423
In base 12, what is 74988 + -5?
74983
In base 3, what is 12200 + -110221020?
-110201120
In base 3, what is -11 - 1021112022?
-1021112110
In base 3, what is 0 - 1110200102?
-1110200102
In base 9, what is 11 - 51637?
-51626
In base 5, what is 110023412 - -12?
110023424
In base 10, what is -7070 - 29?
-7099
In base 5, what is -102 - -104403?
104301
In base 10, what is -97999 - 31?
-98030
In base 6, what is 1 + 140522?
140523
In base 6, what is -104121453 + 3?
-104121450
In base 3, what is -221121010 + -10?
-221121020
In base 4, what is -2223302022 + 10?
-2223302012
In base 3, what is -11221 + 10111102?
10022111
In base 9, what is 17366 - -4?
17371
In base 6, what is -20504 - -430?
-20034
In base 5, what is -1324213 - 314?
-1330032
In base 12, what is -573aa + -4?
-573b2
In base 9, what is 65 - 1285?
-1220
In base 13, what is -25a - b24?
-1081
In base 10, what is -12 - 6588?
-6600
In base 5, what is 2413 - -14031?
21444
In base 5, what is -3 - -13321030?
13321022
In base 12, what is 5 + -ab2?
-aa9
In base 5, what is -10 + -32141330?
-32141340
In base 12, what is -1b + 150ba?
1509b
In base 9, what is -14212 + 5?
-14206
In base 4, what is -13112 + 300000?
220222
In base 16, what is 3 - -37b09?
37b0c
In base 7, what is -11 - 6463?
-6504
In base 6, what is -14513 + -2335?
-21252
In base 13, what is -5 - -3cc453?
3cc44b
In base 13, what is 1c35 - 233?
1a02
In base 15, what is 682 - 4?
67d
In base 12, what is 3bb - -32?
431
In base 6, what is -2041451 + -13?
-2041504
In base 12, what is 0 - -23064?
23064
In base 7, what is -11511 + -41?
-11552
In base 12, what is -90 - 3a1?
-471
In base 16, what is -1e0 + -12bd?
-149d
In base 9, what is -15 - 2681?
-2706
In base 5, what is 214230 + -2?
214223
In base 4, what is -12123230 - 0?
-12123230
In base 12, what is 3628 - 26?
3602
In base 14, what is -77b48 - 5?
-77b4d
In base 11, what is 2938 + 9?
2946
In base 14, what is -1 - 6401?
-6402
In base 13, what is -1 + 1269?
1268
In base 9, what is -18 - 8133?
-8152
In base 12, what is -26 - -589?
563
In base 16, what is 37b + 4?
37f
In base 2, what is 11 + -10000100101101010?
-10000100101100111
In base 2, what is -111010 + 1110111?
111101
In base 7, what is 2 - 1224504?
-1224502
In base 10, what is 1 - 37338?
-37337
In base 4, what is 100301100 + -2?
100301032
In base 14, what is -b9801 - -5?
-b97da
In base 13, what is 3 - -13240?
13243
In base 11, what is 64a84 + 0?
64a84
In base 4, what is -2122 + -33003?
-101131
In base 2, what is -11 - 111000010111001110?
-111000010111010001
In base 7, what is -4 - 1155234?
-1155241
In base 9, what is -123114 + -38?
-123153
In base 8, what is -431 + -6224?
-6655
In base 9, what is 44 + 175?
230
In base 15, what is 1c7 - -6d?
245
In base 10, what is 3 + -61289?
-61286
In base 6, what is 33040 - 1?
33035
In base 11, what is -89319 - -1?
-89318
In base 12, what is 3 + 1b5a0?
1b5a3
In base 10, what is 282 + -106?
176
In base 3, what is 12 - 222001111?
-222001022
In base 6, what is 2 + 11455351?
11455353
In base 16, what is 328b - ae?
31dd
In base 12, what is -1 - 2511?
-2512
In base 9, what is 1700 + 1423?
3223
In base 9, what is -135117 - 3?
-135121
In base 6, what is 4 - -14053?
14101
In base 14, what is 5 + -c48?
-c43
In base 16, what is 6a - 727?
-6bd
In base 10, what is 260450 - 5?
260445
In base 11, what is 9420 + 176?
9596
In base 3, what is -122021222 + 100?
-122021122
In base 13, what is 669 - -490?
b29
In base 8, what is 1 - 617757?
-617756
In base 14, what is 4 + -13d2?
-13cc
In base 11, what is -5 - 230258?
-230262
In base 2, what is -10100010 - -10011110?
-100
In base 8, what is 5 + 46720?
46725
In base 10, what is -163 - 620?
-783
In base 4, what is -200202 + -212?
-201020
In base 5, what is 11 + -1231023?
-1231012
In base 13, what is 108c45 - 7?
108c3b
In base 4, what is -110232 - -1032?
-103200
In base 12, what is 25b1 - -16?
2607
In base 14, what is 6447 - -7?
6450
In base 13, what is a9344 + 0?
a9344
In base 14, what is 30b81 - -5?
30b86
In base 2, what is -10 + -10001010100001000?
-10001010100001010
In base 11, what is -33a54 + -1?
-33a55
In base 4, what is 10123021 + -302?
10122113
In base 2, what is 11101 - -11001101100001101?
11001101100101010
In base 2, what is 110110010 + 1111010?
1000101100
In base 13, what is -2044 - 22?
-2066
In base 3, what is 2 - 110222202?
-110222200
In base 3, what is -1 - 20100121?
-20100122
In base 13, what is 35073 + -3b?
35035
In base 4, what is -1032 - -313123?
312031
In base 11, what is a11 - 89?
933
In base 13, what is 620 + 41?
661
In base 5, what is -20 - -114001?
113431
In base 13, what is 1199 + 32?
11cb
In base 7, what is -1335 - 132?
-1500
In base 10, what is -19 + 1531?
1512
In base 13, what is -5 - -b971c?
b9717
In base 7, what is 4163302 - -5?
4163310
In base 14, what is 2 + a400?
a402
In base 10, what is 1461026 + -5?
1461021
In base 4, what is -101 - -33213?
33112
In base 15, what is -ad43 - -7?
-ad3b
In base 9, what is 7281 + 28?
7320
In base 15, what is b5 - 13a?
-75
In base 9, what is 30662 - -2?
30664
In base 12, what is 799 + 737?
1314
In base 2, what is -11000 - 11111010001?
-11111101001
In base 14, what is -61473 - 0?
-61473
In base 12, what is 12ab4 - 0?
12ab4
In base 12, what is 124 + -676?
-552
In base 15, what is -403c + 10?
-402c
In base 4, what is 21301231110 - -10?
21301231120
In base 10, what is 96970 - -4?
96974
In base 7, what is 166 + -101?
65
In base 9, what is -5 - -753701?
753685
In base 11, what is -8 - 4356?
-4363
In base 12, what is -9924a6 + -4?
-9924aa
In base 12, what is -3938 - 6?
-3942
In base 8, what is 20 + 16261?
16301
In base 11, what is -439 - -a3?
-346
In base 10, what is -4711 + 2?
-4709
In base 14, what is 2 + -1c17?
-1c15
In base 8, what is -7 - 515344?
-515353
In base 15, what is -e40 + 45?
-dea
In base 11, what is 8368 - 8?
8360
In base 10, what is -92 - -10334?
10242
In base 5, what is -2 + 1121121?
1121114
In base 11, what is -3856 + 6?
-3850
In base 6, what is -2003 - -3232?
1225
In base 15, what is -1175 + -4d?
-11c3
In base 5, what is 3132 + -1122?
2010
In base 7, what is -1653 - -36?
-1614
In base 8, what is 157 - -104?
263
In base 16, what is 4 - -e533?
e537
In base 16, what is 8 + -84c9?
-84c1
In base 15, what is 3b28 - -3c?
3b65
In base 15, what is 17 - -1dda?
1e02
In base 15, what is 55 + 67b?
6d1
In base 15, what is -4 - 20a3?
-20a7
In base 16, what is 2 + -23d9?
-23d7
In base 16, what is 2 + 5ea?
5ec
In base 6, what is 1 - 51451?
-51450
In base 8, what is 54 + -23065?
-23011
In base 16, what is 2d + -2c?
1
In base 14, what is -94ba1 + 4?
-94b9b
In base 3, what is -20100 + -12101100?
-12121200
In base 16, what is 5 + -60d5?
-60d0
In base 9, what is 40 + 2303?
2343
In base 7, what is 2552 - 133?
2416
In base 11, what is -4510 - 14?
-4524
In base 6, what is 10044220 - 1?
10044215
In base 13, what is 80c + 24?
833
In base 13, what is 16 + 462?
478
In base 10, what is 3659 + -4?
3655
In base 3, what is -110100 